{"id":60,"date":"2013-09-19T10:45:41","date_gmt":"2013-09-19T10:45:41","guid":{"rendered":"http:\/\/beta.baberg-drehtechnik.de\/?page_id=60"},"modified":"2016-05-28T10:51:53","modified_gmt":"2016-05-28T10:51:53","slug":"cnc-drehteile","status":"publish","type":"page","link":"https:\/\/beta.baberg-drehtechnik.de\/?page_id=60","title":{"rendered":"Kleinst-, Mittel- und Gro\u00dfserien"},"content":{"rendered":"<h3>Pr\u00e4zision hat einen Ursprung &#8230;<\/h3>\n<p style=\"text-align: justify;\">Modernste Produktionsmittel, in Verbindung mit hochqualifizierten Mitarbeitern stellen die Basis f\u00fcr eine pr\u00e4zise, zuverl\u00e4ssige und wirtschaftliche Umsetzung der Ziele unserer Kunden.<\/p>\n<p style=\"text-align: justify;\">Eine unserer Kompetenzen liegt im Besonderen in der Realisierung komplexer Kundenw\u00fcnsche, die wir individuell von der Planungsphase bis zum Endprodukt effizient managen. Unser Fertigungsbereich umfasst alle zerspanbaren Materialien bis zu 32 mm. Die Fertigung erfolgt nach Muster oder Zeichnung. Zudem bieten wir durch einen 24-Stunden Betrieb \u00e4u\u00dferst attraktive Lieferzeiten und erf\u00fcllen auch kurzfristige Produktw\u00fcnsche problemlos und schnell.\n<\/p>\n<h3>Ihre Vorteile<\/h3>\n<ul>\n<li>modernste Produktionsmittel<\/li>\n<li>hochqualifizierte Mitarbeiter<\/li>\n<li>pr\u00e4zise, zuverl\u00e4ssige und wirtschaftliche Umsetzung Ihrer Ideen und Vorgaben<\/li>\n<li>Realisierung komplexer Vorhaben<\/li>\n<li>Effizientes Management von der Planung bis zum Endprodukt<\/li>\n<li>Bearbeitung aller zerspanbaren Materialien bis 32 mm<\/li>\n<li>24-Stunden Betrieb<\/li>\n<\/ul>\n<p>&nbsp;<\/p>\n","protected":false},"excerpt":{"rendered":"<p>Pr\u00e4zision hat einen Ursprung &#8230; Modernste Produktionsmittel, in Verbindung mit hochqualifizierten Mitarbeitern stellen die Basis f\u00fcr eine pr\u00e4zise, zuverl\u00e4ssige und wirtschaftliche Umsetzung der Ziele unserer Kunden. Eine unserer Kompetenzen liegt im Besonderen in der Realisierung komplexer Kundenw\u00fcnsche, die wir individuell &hellip; <a href=\"https:\/\/beta.baberg-drehtechnik.de\/?page_id=60\">Weiterlesen <span class=\"meta-nav\">&rarr;<\/span><\/a><\/p>\n","protected":false},"author":2,"featured_media":306,"parent":37,"menu_order":40,"comment_status":"closed","ping_status":"closed","template":"sidebar-page.php","meta":{"ngg_post_thumbnail":0,"footnotes":""},"class_list":["post-60","page","type-page","status-publish","has-post-thumbnail","hentry"],"_links":{"self":[{"href":"https:\/\/beta.baberg-drehtechnik.de\/index.php?rest_route=\/wp\/v2\/pages\/60","targetHints":{"allow":["GET"]}}],"collection":[{"href":"https:\/\/beta.baberg-drehtechnik.de\/index.php?rest_route=\/wp\/v2\/pages"}],"about":[{"href":"https:\/\/beta.baberg-drehtechnik.de\/index.php?rest_route=\/wp\/v2\/types\/page"}],"author":[{"embeddable":true,"href":"https:\/\/beta.baberg-drehtechnik.de\/index.php?rest_route=\/wp\/v2\/users\/2"}],"replies":[{"embeddable":true,"href":"https:\/\/beta.baberg-drehtechnik.de\/index.php?rest_route=%2Fwp%2Fv2%2Fcomments&post=60"}],"version-history":[{"count":9,"href":"https:\/\/beta.baberg-drehtechnik.de\/index.php?rest_route=\/wp\/v2\/pages\/60\/revisions"}],"predecessor-version":[{"id":480,"href":"https:\/\/beta.baberg-drehtechnik.de\/index.php?rest_route=\/wp\/v2\/pages\/60\/revisions\/480"}],"up":[{"embeddable":true,"href":"https:\/\/beta.baberg-drehtechnik.de\/index.php?rest_route=\/wp\/v2\/pages\/37"}],"wp:featuredmedia":[{"embeddable":true,"href":"https:\/\/beta.baberg-drehtechnik.de\/index.php?rest_route=\/wp\/v2\/media\/306"}],"wp:attachment":[{"href":"https:\/\/beta.baberg-drehtechnik.de\/index.php?rest_route=%2Fwp%2Fv2%2Fmedia&parent=60"}],"curies":[{"name":"wp","href":"https:\/\/api.w.org\/{rel}","templated":true}]}}